 factors of 3946076694.
2, 3, 7, 31318069
What are the prime factors of 44426922?
2, 3, 277, 26731
List the prime factors of 1873078883.
13, 29, 53, 7211
List the prime factors of 1266347335.
5, 11, 23024497
What are the prime factors of 229273729?
23, 9968423
List the prime factors of 79130973.
3, 2137, 12343
List the prime factors of 385150814.
2, 192575407
List the prime factors of 3263116499.
359, 9089461
List the prime factors of 1162127781.
3, 47, 2747347
List the prime factors of 2581350196.
2, 645337549
What are the prime factors of 1049987931?
3, 83, 4216819
List the prime factors of 39826711.
59, 675029
List the prime factors of 1641140604.
2, 3, 45587239
What are the prime factors of 564165594?
2, 3, 19, 29, 67, 283
What are the prime factors of 867531080?
2, 5, 13, 17, 7549
List the prime factors of 1967501951.
1967501951
List the prime factors of 1184693130.
2, 3, 5, 19, 113, 6131
List the prime factors of 1380236775.
3, 5, 18403157
What are the prime factors of 58938519?
3, 1097, 17909
What are the prime factors of 16715589?
3, 11, 506533
List the prime factors of 1933331259.
3, 137, 4703969
List the prime factors of 88098719.
88098719
What are the prime factors of 2747549328?
2, 3, 43, 229, 5813
List the prime factors of 3191641083.
3, 701, 168629
What are the prime factors of 118632214?
2, 29, 643, 3181
What are the prime factors of 512719733?
101, 5076433
List the prime factors of 1496782458.
2, 3, 83154581
List the prime factors of 81542980.
2, 5, 4077149
What are the prime factors of 1471898229?
3, 490632743
What are the prime factors of 4481830585?
5, 223, 4019579
What are the prime factors of 7554986?
2, 379, 9967
What are the prime factors of 990760317?
3, 330253439
What are the prime factors of 407667266?
2, 203833633
List the prime factors of 669856503.
3, 983, 227147
List the prime factors of 276829009.
107, 2587187
List the prime factors of 1298840972.
2, 11, 13, 43, 52807
What are the prime factors of 68884935?
3, 5, 7, 17, 37, 149
What are the prime factors of 2461217915?
5, 13, 19, 1992889
What are the prime factors of 38672048?
2, 61, 39623
List the prime factors of 11703883.
823, 14221
List the prime factors of 355610154.
2, 3, 59268359
List the prime factors of 116242172.
2, 157, 185099
What are the prime factors of 619138152?
2, 3, 8599141
List the prime factors of 4366126560.
2, 3, 5, 9096097
List the prime factors of 787621318.
2, 11, 71, 601, 839
List the prime factors of 61230927.
3, 2851, 7159
List the prime factors of 6774857465.
5, 1354971493
What are the prime factors of 340570281?
3, 167, 679781
List the prime factors of 147435254.
2, 17, 4336331
List the prime factors of 2691057779.
25031, 107509
What are the prime factors of 246129849?
3, 7, 151, 25873
List the prime factors of 926159567.
83, 811, 13759
What are the prime factors of 83361662?
2, 157, 265483
List the prime factors of 464980390.
2, 5, 7, 359, 18503
List the prime factors of 722936049.
3, 11, 21907153
List the prime factors of 258506404.
2, 13, 2153, 2309
What are the prime factors of 150342695?
5, 41, 293, 2503
What are the prime factors of 48166857?
3, 5351873
What are the prime factors of 188274436?
2, 7, 2473, 2719
What are the prime factors of 27086837?
19, 103, 13841
List the prime factors of 224253116.
2, 56063279
List the prime factors of 2929658.
2, 1464829
List the prime factors of 885048748.
2, 221262187
List the prime factors of 2513831173.
7, 51302677
List the prime factors of 1580516185.
5, 23, 419, 32801
List the prime factors of 394372182.
2, 3, 263, 491, 509
What are the prime factors of 151759013?
7, 1153, 18803
What are the prime factors of 212707071?
3, 19, 733, 1697
List the prime factors of 1142735360.
2, 5, 13, 34337
What are the prime factors of 2118109811?
2118109811
What are the prime factors of 38435003?
38435003
List the prime factors of 77103163.
907, 85009
List the prime factors of 870190979.
7, 1429, 86993
List the prime factors of 561367632.
2, 3, 7, 149, 11213
List the prime factors of 84731245.
5, 16946249
List the prime factors of 318024136.
2, 257, 154681
List the prime factors of 4551413249.
397, 11464517
List the prime factors of 28224513.
3, 193, 16249
What are the prime factors of 31987650?
2, 3, 5, 107, 1993
List the prime factors of 549258737.
43, 12773459
What are the prime factors of 35358062?
2, 17, 1039943
List the prime factors of 16547168.
2, 11, 29, 1621
What are the prime factors of 58249687?
19, 3065773
List the prime factors of 4553754042.
2, 3, 758959007
List the prime factors of 19809117.
3, 29, 937
List the prime factors of 1082492220.
2, 3, 5, 181, 263, 379
What are the prime factors of 26556573?
3, 1543, 5737
List the prime factors of 732634.
2, 7, 43, 1217
What are the prime factors of 44916934?
2, 67, 5003
What are the prime factors of 198850648?
2, 24856331
What are the prime factors of 152234187?
3, 7, 7249247
List the prime factors of 133032224.
2, 13, 19, 16831
What are the prime factors of 774977408?
2, 41, 147671
What are the prime factors of 59217047?
59217047
List the prime factors of 48965077.
7, 263, 26597
What are the prime factors of 54325185?
3, 5, 47, 251, 307
List the prime factors of 331786619.
8287, 40037
List the prime factors of 68080208.
2, 7, 86837
What are the prime factors of 5740560417?
3, 1913520139
What are the prime factors of 483575052?
2, 3, 37, 1089133
List the prime factors of 7755708545.
5, 13, 43, 2774851
What are the prime factors of 90519177?
3, 7, 53, 167, 487
What are the prime factors of 636579464?
2, 23, 29, 119299
List the prime factors of 189891415.
5, 7, 19, 113
List the prime factors of 54516217.
7, 43, 139, 1303
List the prime factors of 99237216.
2, 3, 13, 131, 607
List the prime factors of 34115886.
2, 3, 7, 270761
List the prime factors of 140190472.
2, 47, 372847
What are the prime factors of 180184665?
3, 5, 419, 28669
List the prime factors of 876352163.
41, 21374443
List the prime factors of 101822624.
2, 43, 73999
What are the prime factors of 93734964?
2, 3, 197, 13217
List the prime factors of 114006887.
211, 397, 1361
List the prime factors of 11581751.
457, 25343
What are the prime factors of 877803565?
5, 193, 307, 2963
What are the prime factors of 34437595?
5, 19, 19079
What are the prime factors of 36377396?
2, 11, 826759
List the prime factors of 96117309.
3, 641, 16661
List the prime factors of 728379975.
3, 5, 9711733
What are the prime factors of 877338503?
43, 20403221
List the prime factors of 162096187.
11, 59, 249763
List the prime factors of 2059593434.
2, 97, 281, 37781
List the prime factors of 95922635.
5, 19184527
List the prime factors of 45590459.
443, 102913
List the prime factors of 3742927.
419, 8933
List the prime factors of 2435681592.
2, 3, 19, 1780469
What are the prime factors of 192862091?
59, 3268849
What are the prime factors of 34429618?
2, 17214809
List the prime factors of 409863856.
2, 2957, 8663
List the prime factors of 35985677.
7, 13, 19, 1601
What are the prime factors of 552684464?
2, 19, 419, 4339
What are the prime factors of 446067216?
2, 3, 7, 17, 8677
List the prime factors of 209403412.
2, 3251, 16103
List the prime factors of 766855492.
2, 13, 14747221
What are the prime factors of 3307834805?
5, 11, 60142451
List the prime factors of 102745602.
2, 3, 73, 78193
What are the prime factors of 643788901?
7, 827, 15887
What are the prime factors of 943378357?
26993, 34949
List the prime factors of 95631404.
2, 11, 31, 70111
What are the prime factors of 89930435?
5, 7, 557, 659
What are the prime factors of 480329679?
3, 17, 59, 159631
List the prime factors of 125565464.
2, 23, 682421
List the prime factors of 212189136.
2, 3, 4420607
List the prime factors of 368287901.
107, 3441943
What are the prime factors of 659636400?
2, 3, 5, 181, 3037
List the prime factors of 51367071.
3, 7, 2446051
What are the prime factors of 2362053028?
2, 590513257
What are the prime factors of 498730398?
2, 3, 229, 362977
List the prime factors of 60226290.
2, 3, 5, 669181
List the prime factors of 2118160938.
2, 3, 47, 7511209
What are the prime factors of 29655190?
2, 5, 2965519
List the prime factors of 127147662.
2, 3, 2113, 3343
What are the prime factors of 146222307?
3, 7, 11, 61, 1153
W